14 + 12 = 2*m + 4*n, 5*m - 13 = 3*n. Suppose 5806 = m*q + 1301. Is q a prime number?
False
Suppose -11250 - 10940 = -14*v. Is v prime?
False
Suppose -93*f = -98*f + 6145. Is f prime?
True
Let q(o) = 35*o**3 + o**2 - 3*o + 4. Let y be q(3). Let s = y - 596. Is s a composite number?
False
Let x(n) = -n**3 - 4*n**2 + 6*n + 5. Let j be x(-5). Suppose 5*p + j*p - 17045 = 0. Is p a composite number?
True
Let t be 0 + -3 + 0 - -6. Suppose -1633 = -t*k + 2096. Let u = -564 + k. Is u a prime number?
False
Let x(r) = 154*r**2 - 10*r + 22. Is x(4) a composite number?
True
Let h(k) = k**3 - 9*k**2 + 15*k - 5. Let n be h(7). Is ((-15777)/27)/(n/(-6)) a composite number?
False
Let g be 8/(-4) - (-2)/1. Suppose g*n = 5*n - 345. Is n a prime number?
False
Suppose -f - 2 = 0, -2*f + 4*f = -w - 8. Is 13/w*4*(-215 - -4) composite?
True
Suppose x + 23*i = 22*i + 304, 2*x - 613 = -3*i. Suppose 2*a + 3*a = 45. Suppose -x = -2*o - a. Is o composite?
True
Let b(t) = 12*t**2 + t + 1. Let p be b(-6). Suppose -2*o = -0*o - 3*z - 850, -o + 2*z + p = 0. Is o a composite number?
False
Let l(f) = -f**3 + 10*f**2 - 8*f - 7. Let p be l(9). Suppose 0*z = -z - 5*n - 25, z + p*n = -10. Suppose -149 = -z*v - v. Is v a composite number?
False
Let r(f) = 8*f**2 + 8*f - 2. Let z be r(10). Suppose 9 = x - z. Is x a composite number?
False
Suppose 0 = -0*l - l + 7. Let f(d) = -d**3 + 8*d**2 - 3*d - 1. Let q be f(l). Let c = q - -100. Is c prime?
True
Suppose 41*p - 479999 = 399000. Is p prime?
False
Let g = 53503 - 37884. Is g a composite number?
False
Let z = 18 - 2. Is (-3)/4 - (-6364)/z a prime number?
True
Is ((-339933)/(-132))/(2/8) a composite number?
False
Suppose 6437 = m - 242. Is m prime?
True
Let q(n) = -n**2 + 7*n + 5. Suppose y + 7 = -l - 0*y, -4*l - 3*y - 23 = 0. Let b be (-21)/6*l - 1. Is q(b) prime?
True
Let s(f) = -f - 3. Let w be s(-6). Suppose 4*j = -3*v + 10, -2*v - j - w*j + 12 = 0. Is 13 + v + (2 - 2) prime?
True
Let b(a) = 13*a**3 - 1. Let j be b(1). Is (0 - 4*-1)*1842/j a composite number?
True
Suppose 5*x - 2*n - 3 - 3 = 0, x = -3*n + 8. Is (-2 + (-5438)/4)/(x/(-4)) composite?
True
Let h be 5301 + 2/((-2)/(-3)). Suppose h + 4421 = 5*m. Is m a prime number?
False
Suppose -1297 = -5*j + 1723. Let z = j - 353. Is z a prime number?
True
Suppose 0 = 3*r + 6, -9 - 5 = 5*i - 3*r. Let x be 8*i/(-8) + 2. Is 7/(21/x) + 629 composite?
False
Suppose -f + 185 = -z, -f + 128 = 4*z - 72. Let t = -123 + 246. Let p = f - t. Is p prime?
False
Let l(p) = 650*p**2. Let k(h) be the first derivative of 59*h**3/3 - 9. Let d(w) = 45*k(w) - 4*l(w). Is d(1) composite?
True
Suppose -x - 2*a + 6*a = 18, -9 = -2*x - a. Let v be 3/2*x/1. Suppose v*y - g - 1866 = 2*y, 0 = 2*y + 2*g - 3736. Is y a composite number?
False
Let p(h) = -32*h**2 - 3*h + 1. Let q be (-198)/(-154) + (-2)/7. Let d be p(q). Let a = d + 113. Is a a prime number?
True
Is 1842/(1 + 5)*1 a composite number?
False
Suppose -5*v + 113666 = -2*o - 39899, -5*o = 0. Is v a composite number?
False
Suppose -45*d = -53*d + 14488. Is d composite?
False
Suppose -r = -c, 3*r = -4*c + 2*c + 20. Suppose -4*s + 11331 = -r*h + 5*h, 0 = 5*s + h - 14164. Is s a prime number?
True
Let h = 2654 + 26147. Is h prime?
False
Let l(i) = 5*i + 1. Let y be l(1). Let s(v) = 4*v - 14. Let g be s(y). Suppose -14*x + g*x + 236 = 0. Is x prime?
True
Is (0 - (-100785)/10)*(-2)/(-3) a composite number?
False
Let p(g) = -2*g + 21. Let a be p(8). Suppose a*s = -5*m + 60, -3*s + 12 = -0*s. Is 1636/m*2 + 4 a prime number?
False
Let b = 387 - 230. Is b prime?
True
Suppose -72*i = -69*i - 63411. Is i a prime number?
False
Suppose -33 = -4*g + 27. Is (-3)/(-5) - (-3756)/g a prime number?
True
Let t(w) be the second derivative of -53*w**3/2 - 25*w**2 - 30*w. Is t(-9) a composite number?
False
Let m = -102 - -107. Is -2 + (2 - m) - -1444 a prime number?
True
Let k(g) = -g - 1. Let m(z) = -2*z - 6. Let p(q) = -3*k(q) + m(q). Let f be p(5). Suppose -3*u + 65 = -d + f*d, 5*u - 285 = -5*d. Is d a prime number?
True
Let h be 4/(-1) - 71 - 2. Let p(f) = -364*f**2. Let t be p(-1). Let b = h - t. Is b prime?
False
Suppose 3*f + 0*j = -5*j + 10, -f + 5*j = 10. Suppose f = -n + 5*g - 8*g + 772, 3*g = -2*n + 1559. Is n a composite number?
False
Let b(k) be the second derivative of k**7/1260 - k**6/240 - k**5/30 + 7*k**4/12 - 10*k. Let r(s) be the third derivative of b(s). Is r(-7) a prime number?
False
Let b(z) = 2*z**2 - 4*z + 3*z - z**2 + 0*z - 1. Let j(m) = m**3 + 16*m**2 - 23*m - 8. Let r(a) = -3*b(a) + j(a). Is r(-14) a prime number?
True
Suppose n - 3 = 1. Suppose -4453 + 461 = -n*z. Is z a composite number?
True
Suppose 3*r + 4212 = 3*s, -4*s + 15*r + 5601 = 14*r. Is s prime?
True
Suppose -12*a + 4030 = a. Suppose 2*d + a = 4*d. Is d prime?
False
Let n(z) = 1296*z**3 - 11*z**2 - 6*z - 7. Let h(m) = 1944*m**3 - 17*m**2 - 9*m - 11. Let c(v) = 5*h(v) - 8*n(v). Is c(-1) composite?
True
Let h = -30 + 36. Suppose 10*l = h*l + 2564. Is l a prime number?
True
Is (38/4)/((-10)/(-1660)) prime?
False
Let l = -50 - -52. Is 407 - (0 + -2 + l) composite?
True
Suppose 60 = 6*n - 2*n. Let l(x) = n - 1 + x + 7*x. Is l(6) a composite number?
True
Suppose 22592 = 13*a - 9089. Is a composite?
False
Let b(d) = 3*d**2 - 13*d + 4. Let j be b(5). Is j/(-77) - (-4)/((-88)/(-14238)) a prime number?
True
Suppose -8 = -88*a + 84*a. Suppose b - a*i - i = 131, 5*b - 3*i = 607. Is b a composite number?
True
Let r = 10 - 7. Let x be -318*((-2)/(-3) + -1). Suppose j - x = r*q, j - 2*q = 102 + 4. Is j a composite number?
True
Let z(b) = b**3 + 13*b**2 - 29*b + 21. Let o be z(-15). Is (-3)/o - 999/(-2) prime?
True
Suppose 157*w - 50*w = 4557023. Is w a prime number?
True
Let i be 1/2 + 17/34. Let j(o) = 411*o. Is j(i) a composite number?
True
Let f = 28 + -44. Let x = f + 22. Is (2/6)/(x/3438) a prime number?
True
Suppose 5*k - k = 28. Suppose p - k = -5*q + 9, 5*q = -5*p + 20. Suppose 220 = q*j + j. Is j prime?
False
Let p(h) = 9*h**2 + 3*h - 1. Let g be p(2). Let w = g - 37. Suppose -z - 786 = -w*z. Is z a prime number?
False
Let z = -57364 - -154257. Is z a composite number?
False
Let c(p) = -19*p**3 + p - 1. Let j be c(1). Let z(q) = q**2 + 11*q - 11. Is z(j) composite?
True
Suppose 0 = -2*q + s - 2*s - 1713, -2*s = -2*q - 1728. Let v = -150 - q. Is v composite?
False
Suppose 8*h - 3*h + 21 = -2*r, r - 12 = 2*h. Let l(f) = 16 - 3*f**r - 2*f**3 - 5*f + f**3 - 17 + 3*f. Is l(-6) a prime number?
False
Suppose -g + 3*u + 15 = 0, 3*u + 26 - 5 = 2*g. Is (g + -3)/(3/631) a prime number?
True
Let c(o) = 5728*o**2 + 14*o + 10. Is c(-2) composite?
True
Let t(k) = -181*k - 2. Let w be t(-4). Let h = w - 511. Let z = h - -22. Is z a prime number?
True
Is 67982/8 + 2 + 55/44 composite?
False
Suppose -m = -9*m. Is -3 - m/(-3) - -676 prime?
True
Suppose 25015 - 4427 = 4*m. Is m a composite number?
False
Let j(c) = 5*c**3 + c**2 - c - 1. Let q be j(-1). Let u be 2/3*18/q. Is u*(-1)/3*14 composite?
True
Let p = -25 - -23. Let m be -1 + (1 - 3)/p. Is (m + 1)*(-5271)/(-7) prime?
False
Let o(k) = -k**3 - 2*k**2 + 3*k + 7. Let a be o(-2). Is a*((-5 - -2) + 6 + 184) prime?
False
Let n = 69 + -72. Is 1 - (2458*-1 + 0/n) composite?
False
Let v(g) = -4*g + 5. Let h(s) = 3*s + 4. Let y be h(-3). Is v(y) a composite number?
True
Let t(a) = 7*a**2 - 40*a + 45. Is t(12) prime?
False
Let a = -3212 + 1257. Let u be (-255)/35 + 4/14. Is (-1)/(-4)*(u - a) a prime number?
True
Is (10 - 313422/(-66)) + (-4)/(-22) a composite number?
False
Let t = -4 + 8. Suppose 5*o - 4*r + 268 = 0, 0*o = -t*o - 5*r - 239. Let c = 71 - o. Is c a prime number?
True
Let s(p) = -3*p - 19. Let j be s(-8). Suppose 0 = -5*r + 2*x + 42 - 2, -j*r + 3*x = -35. Suppose -n + 2*t + 751 = 0, r = -3*t - 2. Is n prime?
True
Is 2927/(4 - (-27)/(-7)) composite?
True
Suppose -5*d + 14695 = -4*p, 2*p + 1548 = 3*d - 7267. Is d composite?
True
Let o = -1098 - -1862. Is (8/16)/(2/o) a prime number?
True
Let j = 10761 + 5842. Is j a composite number?
False
Let w(i) = -358*i + 33. Is w(-1) prime?
False
Let d = -85400 - -122373. Is d a composite number?
False
Suppose -18 = y - 3*y. Let g be (-183)/y*-4*3. Let q = g - 21. Is q composite?
False
Suppose 5*w = 46 - 11. Suppose w*r - 890 = 2*r. Is r a prime number?
False
Let o = -85306 - -142941. Is o prime?
False
Let p(q)